 4. Let f(v) = j*p(v) + 3*s(v). Give f(4).
-9
Let i be (18/(-24))/((-1)/8). Let f(g) = g**3 - 5*g**2 - 5*g + 3. What is f(i)?
9
Let q(f) = f**3 + 6*f**2 + 7*f + 6. Let n be ((-21)/(-7))/3*2*-2. What is q(n)?
10
Let f(z) = 2*z + 4. Let x = 22 - 19. Suppose -x*o = -8*o - 25, 3*y + o = -23. Calculate f(y).
-8
Let j(a) = a**2 - 6*a + 5. Let l = -6 + -9. Let n be 12/(-15)*l/2. Calculate j(n).
5
Let b(j) = -5*j + 26 - 17 + 6*j. Suppose v = 5*v. What is b(v)?
9
Let v(m) be the third derivative of m**4/12 + m**3/6 - m**2. Suppose 4*j + 16 = -4*l, 3*j - 2 = -5*l - 22. Suppose -2*t + 2 - 4 = j. Determine v(t).
-1
Suppose -2*f + f + 2 = 0. Let r(g) = -g**3 + 3*g**2 - 2*g. What is r(f)?
0
Let j(i) = i**2 - i + 3. Let x be j(3). Let h(n) = -n + 4. Let b be h(x). Let g(u) be the second derivative of -u**3/6 - 5*u**2/2 + 3*u. Give g(b).
0
Let m(s) be the second derivative of -2*s**2 + s. Let h(q) = q + 1. Let r(p) = h(p) - m(p). Determine r(-6).
-1
Let j = 4 - 3. Suppose -4*r = -p - 4, -2*p + 5 = 4*r + j. Let i(w) = -2*w + w + p - w**2 - 2. Give i(2).
-8
Let a(w) = 25*w + 2 + 23*w - 81*w + 30*w. Calculate a(2).
-4
Let g = 6 - 3. Suppose 0 = g*c - 8*c. Let m(p) = -p**3 + p**2 + 9. Calculate m(c).
9
Suppose -5*t - 19 = -0*i + 2*i, 0 = 3*t - 5*i + 30. Let x(a) = a**2 + 6*a + 4. Determine x(t).
-1
Let l(a) be the second derivative of 2/3*a**3 + 2*a**2 + 1/20*a**5 - 7/12*a**4 + 0 - 3*a. Give l(6).
-8
Let h(n) = n - 5. Let c = -3 + 13. Calculate h(c).
5
Let g be -1*(-6 + 4) - -2. Let u(j) = j**3 - 4*j**2 + 3*j - 4. Determine u(g).
8
Let a be 2/(-1) + (-7)/(28/8). Let y(l) = -l**3 - 5*l**2 - 5*l - 5. Give y(a).
-1
Let n(b) = 43*b**2 - 2*b - 3. Let j(s) = -22*s**2 + s + 1. Let p(i) = 5*j(i) + 2*n(i). Give p(1).
-24
Let n(p) = 3*p**3 + 2*p**2 + 6*p - 7. Let k = -22 - -39. Let f(r) = 10*r**3 - 20 - r**3 + r**2 + 17*r + 5*r**2. Let z(m) = k*n(m) - 6*f(m). What is z(-1)?
2
Let a = -35 + 31. Let w(y) = -14*y**3 + 9*y**2 + 8*y + 29. Let n(c) = 5*c**3 - 3*c**2 - 3*c - 10. Let b(z) = -17*n(z) - 6*w(z). What is b(a)?
0
Let o(m) be the first derivative of -m**4/4 + 2*m**3/3 - m**2 - m - 1. Let c be 0 - 15/((-3)/1). Suppose c*q - 3*g - 13 = 3*q, -5*g = 2*q + 11. Calculate o(q).
-5
Suppose 5*l = 7*l - 6. Let r(c) = 5*c**3 + 9*c**2 - 7*c + 3. Let t(z) = 4*z**3 + 8*z**2 - 6*z + 3. Let i(k) = 5*r(k) - 6*t(k). Determine i(l).
0
Suppose -3 = -l - 3*y, -5*y - 2 + 7 = -5*l. Let c(b) = -b + 0*b + l*b - 12 + 2*b. Calculate c(5).
-7
Suppose -2*r + 3*t + 1 = -0*t, 0 = -2*r + 4*t - 2. Let c(m) be the first derivative of m**3/3 - 3*m**2/2 - 6*m - 1. Determine c(r).
4
Let k = 8 - 10. Let b be (3/k)/((-5)/10). Let n(t) = -4*t + 1. Calculate n(b).
-11
Let m be (-62 + 67)*(-2 + 1/1). Let b(a) = -a - 2*a + a**2 - 2*a**2 + 7. Calculate b(m).
-3
Let a be (-4)/10 + 64/10. Let p(l) = l**2 + 3*l - 4. Let b be p(2). Let z(i) = -5 - 3*i - a*i**2 - 7*i**3 + 2*i + b*i**3. Determine z(-6).
1
Let f be (2 - 1)/(3/12). Suppose -5*q + 4*d = 9*d - 20, -q + 3*d - f = 0. Let i(y) = 1 + y**3 + 3*y + 4*y**q + 0*y**2 + y**2. What is i(-4)?
5
Let k be (2 - 8)/((-3)/2). Let n(g) = g**2 - 2 - 1 + 1 + k - 5*g. Suppose 3*j + 0*j = 5*t - 10, -2*j + 10 = 0. Give n(t).
2
Suppose 2*v - 4 = -0*v. Suppose -4*o + 3*w = -9*o + 27, -4*o + 20 = v*w. Let n(s) = 2*s - 1. Let l be n(o). Let y(u) = u - 11. Give y(l).
-6
Let h(q) = -3*q - 3*q + 1 - 5 - q**2. Let c be -9 - (-3)/1 - -1. Let w be h(c). Let k(s) = -s**3 + s - 1. Determine k(w).
-1
Suppose -2*u + 2*s + 16 = 0, 5*s - 14 = -0*u - u. Let d = u - 4. Let y(v) = v**3 + v**2 - 6 + 3*v**2 - 8*v**2 - 1 - 4*v. What is y(d)?
-2
Let f(a) = 3*a + 1. Let d be f(1). Suppose -2*v - d = -4*v. Let z(q) = -v - 4*q + 4*q - 2*q. Calculate z(-4).
6
Let o(a) = 11*a. Let b be 0/(-1) + 2/2. Give o(b).
11
Let v(y) = y - 12 + 1 - 5. Determine v(0).
-16
Let i(l) = l - 7. Let u be (-22)/1*12/(-24). Let h be (u - 14)*10/(-6). Calculate i(h).
-2
Suppose 0 = -3*l + 5*y - 22, -2*y + 4*y - 16 = 3*l. Let z(i) = -i**3 - 6*i**2 - 6*i - 2. What is z(l)?
-10
Let a(q) = 3*q + 8 + 8 - 21 + 4. Suppose -5*h = l - 17 - 7, 2*h - 3*l = 13. Suppose -2*u - 3*u + h*z = 25, 2*z - 4 = -u. Give a(u).
-7
Let o(l) = -l + 8. Let w(m) = 7. Let x(y) = 5*o(y) - 6*w(y). Give x(-2).
8
Suppose -4*c = i + 20, -i + 20 = -4*c + 2*i. Let q(a) = a + 1. Let z(w) = 3*w + 4. Let j(t) = 4*q(t) - z(t). Calculate j(c).
-5
Let t(f) = f**3 - 3*f**2 + 3*f - 3. Let x(n) = n - 5. Let a be x(7). What is t(a)?
-1
Let z(g) = -g**2 + 3*g - 3. Suppose -10 - 10 = -5*i. Suppose i*v - 22 = 14. Suppose -a + 3 = 3*p, 2*p + 2*p + v = 3*a. Give z(a).
-3
Let a be (-28)/(-6) + (-2)/3. Let b(j) = -3*j**2 + 7*j + 2. Let g(n) = -n**2 - 1. Let l(x) = a*g(x) - b(x). Determine l(-5).
4
Let s(b) = 2 - 1 + b - 4 + 2. Determine s(1).
0
Let a(t) = t**3 + 4*t**2 - 3*t + 7. Let f be a(-5). Let i be (-2)/3*18/f. Let o(u) = 2 + i + u + u**2 + 3. Give o(0).
9
Let m(q) be the third derivative of q**5/60 + q**4/8 - 7*q**3/6 + 4*q**2. What is m(-6)?
11
Let t(p) = 5*p**2 + 3*p. Let d be t(-2). Let m be d/(-5) - (-1)/(-5). Let y(c) = c**3 + 2*c**2 - 3*c - 1. What is y(m)?
-1
Let q(j) = -j**3 - 4*j + j + 2 + 4*j. Let g(w) = -2*w + 2. Let s be g(2). Determine q(s).
8
Let i = 8 - 4. Let q(y) be the first derivative of -y**2/2 + 3*y - 7. Give q(i).
-1
Let d be (-2 + (2 - 0))/3. Let l(q) = 6*q - 1 - 2 + d. Give l(2).
9
Let k be 2/(-12) + 145/(-30). Let l = -10 - k. Let d(t) = t**2 + 6*t + 7. Determine d(l).
2
Let t be (4/(-3))/(4/(-6)). Let w(j) = 0 - 2 - j - j**t + 4. Suppose -1 = 8*m - 17. Determine w(m).
-4
Let z(f) = -2*f - 7. Let i(y) = -y - 3. Let c(g) = 9*i(g) - 4*z(g). Calculate c(6).
-5
Let x(t) be the third derivative of t**4/24 - 5*t**3/6 + 26*t**2. Calculate x(7).
2
Let c be 2 + -3 + 3/3. Let a be 1/3 + (-4)/12. Let d(g) = -1 + c - g + 2*g + a*g. Calculate d(5).
4
Suppose -2*w = -5*s - 24, 0 - 20 = -4*w - 4*s. Suppose 5 + w = 2*q. Let u(g) = g + 1 + 1 - q. Determine u(6).
2
Let m(q) = 4*q**2 + 2*q - 4. Let w(n) = 5*n**2 + 2*n - 5. Let y(c) = -4*m(c) + 3*w(c). Determine y(-3).
-2
Let h(j) = -j**2 + 6*j - 3. Let t be h(4). Suppose 3*w - 9 = 3. Let n(z) = -w + z + 0 + 2. What is n(t)?
3
Let h(i) = i**3 - 3 - 38*i**2 - 48*i**2 + 85*i**2 - 5*i. Determine h(-3).
-24
Let l = -4 - -7. Suppose 2*q - 3*z = 8, 0 + l = 5*q + z. Let y(v) = -v**3 + 1. What is y(q)?
0
Suppose 10 - 22 = -4*f. Let i(l) = -4*l + 4*l + 1 - f*l + 6*l. Calculate i(2).
7
Let n(r) be the third derivative of -r**5/60 - 5*r**4/24 - r**3 - 10*r**2. Let x = 7 + -4. Suppose -4 = 4*i, 4*g + 0*i = x*i - 13. Calculate n(g).
-2
Let n(q) = 2*q**3 - 2*q**2 + q + 1. Let y(s) = -s**3 + 3*s**2 - 2. Let j(i) = -2*n(i) - 3*y(i). Give j(-5).
14
Let d(h) = -5*h**2 - 4 + 7 + 5 - h**3 + 8*h. Let k = -15 + 9. Give d(k).
-4
Let x(r) = -5*r**2 + 11*r + 6. Let q(s) = -5*s**2 + 5*s + 5. Let h(m) = 14*m**2 - 14*m - 14. Let z(n) = -6*h(n) - 17*q(n). Let c(p) = x(p) + 6*z(p). Give c(-4).
-4
Let u be 38/9 - (-2)/(-9). Let z(s) = -1 - 2*s + 6 - 2 - 4*s**2 - u. Let t(v) = -v**3 - 6*v**2 - 4*v + 4. Let m be t(-5). Determine z(m).
-3
Let x(d) = -d**2 + 4*d - 1. Let b be x(3). Let m(r) = -3*r**b - 2*r**2 + 6*r**2 + 3 + 7*r. Give m(-6).
-3
Let r(i) be the third derivative of -i**4/24 + 7*i**3/6 + i**2. Let b(v) = -v + 2. Let l be b(2). Suppose 2*f - 7*f = l. Determine r(f).
7
Let r(k) = -k**3 + 3*k**2 - 9*k + 14. Let z be r(2). Let l(d) = d**2 - 3. What is l(z)?
-3
Suppose 0 = -3*l + 8 + 16. Let h = 50 - 40. Let z = l - h. Let j(x) = -3*x - 1. Give j(z).
5
Let p(w) be the first derivative of w**2/2 + 7*w + 2. Let f = -7 + 2. Determine p(f).
2
Suppose -4*q - 3*g + 19 = -0*q, 4*q = 5*g + 43. Let a(p) = p**2 - 8*p - 6. Give a(q).
-13
Let d = -2 - -2. Let t(i) = i**3 - i**2 + 2. Let r be t(d). Let u(w) = r*w - 1 - 6*w - 2*w + 3*w. Give u(-2).
5
Suppose -3*a = 2*a + 110. Let r be 16/88 - 40/a. Let k(l) = 2*l**3 - 2*l**2 - l. What is k(r)?
6
Let k(t) = 2*t. Let g be k(3). Let u(l) = -l**2 + 8*l + 1. Let j be u(g). Suppose 5*q + 3 = j. Let w(d) = -2*d**2 + 4*d - 3. Determine w(q).
-3
Let g = -173 - -178. Let f(q) = -q**2 + 3*q + 7. Determine f(g).
-3
Let w(m) = -m + 4. Let y = -31 + 35. What is w(y)?
0
Let t(p) = p**3 - 5*p**2 + 3*p - 5. Suppose 5*x = 6 + 14. Calculate t(x).
-9
Let n(j) = -j**3 - 13*j**2 - 14*j - 16. Let d be n(-12). Let r = d + -9. 